{"id":4445,"date":"2021-02-10T10:21:01","date_gmt":"2021-02-10T08:21:01","guid":{"rendered":"https:\/\/swissdelight.qodeinteractive.com\/?page_id=4445"},"modified":"2024-11-07T15:10:53","modified_gmt":"2024-11-07T13:10:53","slug":"minust","status":"publish","type":"page","link":"https:\/\/roosmann.ee\/kadi7\/minust\/","title":{"rendered":"Minust"},"content":{"rendered":"\t\t<div data-elementor-type=\"wp-page\" data-elementor-id=\"4445\" class=\"elementor elementor-4445\">\n\t\t\t\t\t\t\t\t\t<section class=\"elementor-section elementor-top-section elementor-element elementor-element-9577599 qodef-elementor-content-grid elementor-section-boxed elementor-section-height-default elementor-section-height-default\" data-id=\"9577599\" data-element_type=\"section\" data-settings=\"{&quot;background_background&quot;:&quot;classic&quot;}\">\n\t\t\t\t\t\t<div class=\"elementor-container elementor-column-gap-default\">\n\t\t\t\t\t<div class=\"elementor-column elementor-col-50 elementor-top-column elementor-element elementor-element-066c605\" data-id=\"066c605\" data-element_type=\"column\">\n\t\t\t<div class=\"elementor-widget-wrap elementor-element-populated\">\n\t\t\t\t\t\t\t\t<div class=\"elementor-element elementor-element-7c67f80 elementor-widget elementor-widget-swissdelight_core_section_title\" data-id=\"7c67f80\" data-element_type=\"widget\" data-widget_type=\"swissdelight_core_section_title.default\">\n\t\t\t\t<div class=\"elementor-widget-container\">\n\t\t\t<div class=\"qodef-shortcode qodef-m  qodef-section-title qodef-alignment--left  qodef-appear-animation--enabled\">\n\t\t<h2 class=\"qodef-m-title\" >\n\t\t\tmina\t<\/h2>\n\t\t<\/div>\n\t\t<\/div>\n\t\t\t\t<\/div>\n\t\t\t\t<div class=\"elementor-element elementor-element-56a6e00 elementor-widget elementor-widget-text-editor\" data-id=\"56a6e00\" data-element_type=\"widget\" data-widget_type=\"text-editor.default\">\n\t\t\t\t<div class=\"elementor-widget-container\">\n\t\t\t<style>\/*! elementor - v3.18.0 - 20-12-2023 *\/\n.elementor-widget-text-editor.elementor-drop-cap-view-stacked .elementor-drop-cap{background-color:#69727d;color:#fff}.elementor-widget-text-editor.elementor-drop-cap-view-framed .elementor-drop-cap{color:#69727d;border:3px solid;background-color:transparent}.elementor-widget-text-editor:not(.elementor-drop-cap-view-default) .elementor-drop-cap{margin-top:8px}.elementor-widget-text-editor:not(.elementor-drop-cap-view-default) .elementor-drop-cap-letter{width:1em;height:1em}.elementor-widget-text-editor .elementor-drop-cap{float:left;text-align:center;line-height:1;font-size:50px}.elementor-widget-text-editor .elementor-drop-cap-letter{display:inline-block}<\/style>\t\t\t\t<p><span style=\"color: var( --e-global-color-text ); font-family: 'trebuchet ms', geneva; font-weight: var( --e-global-typography-text-font-weight ); letter-spacing: 0.01em; font-size: 15px;\">Olen Kadi, pagar-kondiiter, kellel on kirg magusate ja maitsvate loomiste vastu. Minu tee sai alguse Tartu Voco Kolled\u017eis, kus omandasin v\u00e4\u00e4rtusliku hariduse ning sukeldusin p\u00f5nevasse maailma, kus kunst ja maitse kohtuvad.<\/span><\/p><p><span style=\"font-size: 15px; font-family: 'trebuchet ms', geneva;\">Minu pagari- ja kondiitrikarj\u00e4\u00e4r sai alguse aastal 2013, ning sellest ajast alates olen p\u00fchendunud oma oskuste t\u00e4iustamisele ja uute ideede elluviimisele. Armastan v\u00e4ljakutseid ning usun, et iga tort v\u00f5i k\u00fcpsetis on v\u00f5imalus luua midagi erilist ja unikaalset.<\/span><\/p><p><span style=\"font-size: 15px; font-family: 'trebuchet ms', geneva;\">Minu eesm\u00e4rk on pakkuda teile mitmek\u00fclgset ja nauditavat maitseelamust, olgu siis tegemist piduliku s\u00fcndmuse tortidega v\u00f5i igap\u00e4evaste k\u00fcpsetistega. Leiate minu loomingutest nii klassikalisi maitseid kui ka p\u00f5nevaid uusi kombinatsioone, sest usun, et head toitu saab luua ainult kirgliku s\u00fcdame ja loomingulise meelega.<\/span><\/p><p><span style=\"font-size: 15px; font-family: 'trebuchet ms', geneva;\">Olen alati avatud uutele ideedele ja tellimustele, seega \u00e4rge kartke minuga \u00fchendust v\u00f5tta.<\/span><\/p><p><span style=\"font-size: 15px; font-family: 'trebuchet ms', geneva;\">Koos saame muuta iga maitseelamuse unustamatuks!<\/span><\/p>\t\t\t\t\t\t<\/div>\n\t\t\t\t<\/div>\n\t\t\t\t\t<\/div>\n\t\t<\/div>\n\t\t\t\t<div class=\"elementor-column elementor-col-50 elementor-top-column elementor-element elementor-element-1e4157f\" data-id=\"1e4157f\" data-element_type=\"column\">\n\t\t\t<div class=\"elementor-widget-wrap elementor-element-populated\">\n\t\t\t\t\t\t\t\t<div class=\"elementor-element elementor-element-bfdddc6 elementor-widget elementor-widget-image\" data-id=\"bfdddc6\" data-element_type=\"widget\" data-widget_type=\"image.default\">\n\t\t\t\t<div class=\"elementor-widget-container\">\n\t\t\t<style>\/*! elementor - v3.18.0 - 20-12-2023 *\/\n.elementor-widget-image{text-align:center}.elementor-widget-image a{display:inline-block}.elementor-widget-image a img[src$=\".svg\"]{width:48px}.elementor-widget-image img{vertical-align:middle;display:inline-block}<\/style>\t\t\t\t\t\t\t\t\t\t\t\t<img fetchpriority=\"high\" decoding=\"async\" width=\"650\" height=\"650\" src=\"https:\/\/roosmann.ee\/kadi7\/wp-content\/uploads\/2024\/10\/459495055_8921030424590830_6581550859487114598_n-650x650.jpg\" class=\"attachment-swissdelight_core_image_size_square size-swissdelight_core_image_size_square wp-image-13156\" alt=\"\" srcset=\"https:\/\/roosmann.ee\/kadi7\/wp-content\/uploads\/2024\/10\/459495055_8921030424590830_6581550859487114598_n-650x650.jpg 650w, https:\/\/roosmann.ee\/kadi7\/wp-content\/uploads\/2024\/10\/459495055_8921030424590830_6581550859487114598_n-150x150.jpg 150w, https:\/\/roosmann.ee\/kadi7\/wp-content\/uploads\/2024\/10\/459495055_8921030424590830_6581550859487114598_n-1300x1300.jpg 1300w\" sizes=\"(max-width: 650px) 100vw, 650px\" \/>\t\t\t\t\t\t\t\t\t\t\t\t\t\t\t<\/div>\n\t\t\t\t<\/div>\n\t\t\t\t\t<\/div>\n\t\t<\/div>\n\t\t\t\t\t\t\t<\/div>\n\t\t<\/section>\n\t\t\t\t<section class=\"elementor-section elementor-top-section elementor-element elementor-element-d39efb1 qodef-elementor-content-grid elementor-section-boxed elementor-section-height-default elementor-section-height-default\" data-id=\"d39efb1\" data-element_type=\"section\" data-settings=\"{&quot;background_background&quot;:&quot;classic&quot;}\">\n\t\t\t\t\t\t<div class=\"elementor-container elementor-column-gap-default\">\n\t\t\t\t\t<div class=\"elementor-column elementor-col-100 elementor-top-column elementor-element elementor-element-d868597\" data-id=\"d868597\" data-element_type=\"column\" data-settings=\"{&quot;background_background&quot;:&quot;classic&quot;}\">\n\t\t\t<div class=\"elementor-widget-wrap elementor-element-populated\">\n\t\t\t\t\t\t\t\t<div class=\"elementor-element elementor-element-97cb1e4 elementor-widget elementor-widget-swissdelight_core_section_title\" data-id=\"97cb1e4\" data-element_type=\"widget\" data-widget_type=\"swissdelight_core_section_title.default\">\n\t\t\t\t<div class=\"elementor-widget-container\">\n\t\t\t<div class=\"qodef-shortcode qodef-m  qodef-section-title qodef-alignment--left  qodef-appear-animation--enabled\">\n\t\t<h2 class=\"qodef-m-title\" >\n\t\t\tettev\u00f5te\t<\/h2>\n\t\t<\/div>\n\t\t<\/div>\n\t\t\t\t<\/div>\n\t\t\t\t<div class=\"elementor-element elementor-element-0a87a64 elementor-widget__width-initial elementor-widget elementor-widget-text-editor\" data-id=\"0a87a64\" data-element_type=\"widget\" data-widget_type=\"text-editor.default\">\n\t\t\t\t<div class=\"elementor-widget-container\">\n\t\t\t\t\t\t\t<p><span style=\"font-family: 'trebuchet ms', geneva;\">KadiLellep O\u00dc, mis sai alguse 2023. aasta veebruaris tugeva kirgliku visiooni ja sooviga pakkuda kvaliteetseid pagar-kondiitritooteid ning k\u00e4sit\u00f6\u00f6na valmistatud koogikaunistusi ja b\u00e4nnereid.<\/span><\/p><p><span style=\"font-family: 'trebuchet ms', geneva;\">KadiLellep O\u00dc on p\u00fchendunud kunstiliste ja maitsvate kogemuste loomisele oma klientidele. Ettev\u00f5tte asutamise aluseks on soov \u00fchendada traditsiooniline pagari- ja kondiitrikunst kaasaegsete maitsetega, pakkudes samal ajal ainulaadseid ja isikup\u00e4raseid tooteid.<\/span><\/p><p><span style=\"font-family: 'trebuchet ms', geneva;\">Ettev\u00f5tte peamine tegevusvaldkond h\u00f5lmab pagar-kondiitritoodete valmistamist ja turustamist. Kasutan vaid kvaliteetseid tooraineid, et tagada klientidele parim maitseelamus. Lisaks pakun k\u00e4sit\u00f6\u00f6na valmistatud koogikaunistusi ja b\u00e4nnereid, et muuta teie erilised hetked veelgi meeldej\u00e4\u00e4vamaks.<\/span><\/p><p><span style=\"font-family: 'trebuchet ms', geneva;\">KadiLellep O\u00dc eesm\u00e4rk on \u00fcletada ootusi ja pakkuda kohandatud lahendusi, olgu tegemist siis piduliku s\u00fcndmuse, s\u00fcnnip\u00e4eva v\u00f5i pulmapeoga. Olen uhke oma loovuse ja t\u00e4psuse \u00fcle ning usun, et iga minu valmistatud toode kannab endas lugu, mille loon koos teiega.<\/span><\/p><p><span style=\"font-family: 'trebuchet ms', geneva;\">T\u00e4nan, et valisid minu oma maitseelamuste ja s\u00fcndmuste t\u00e4histamiseks. Olen alati valmis jagama oma kirge teiega ning ootan huviga v\u00f5imalust muuta teie erilised hetked veelgi erilisemaks.<\/span><\/p><p><span style=\"font-family: 'trebuchet ms', geneva;\">Parimate soovidega,<\/span><\/p><p><span style=\"font-family: 'trebuchet ms', geneva;\">Kadi Lellep Asutaja &amp; Tegevjuht, Pagar-kondiiter<\/span><\/p><p><span style=\"font-family: 'trebuchet ms', geneva;\">KadiLellep O\u00dc<\/span><\/p><p><span style=\"font-family: 'trebuchet ms', geneva;\">Reg. Nr.16669308<\/span><\/p><p><span style=\"font-family: 'trebuchet ms', geneva;\">Swedbank<\/span><\/p><p><span style=\"font-family: 'trebuchet ms', geneva;\">EE822200221080973884<\/span><\/p>\t\t\t\t\t\t<\/div>\n\t\t\t\t<\/div>\n\t\t\t\t\t<\/div>\n\t\t<\/div>\n\t\t\t\t\t\t\t<\/div>\n\t\t<\/section>\n\t\t\t\t\t\t\t<\/div>\n\t\t","protected":false},"excerpt":{"rendered":"<p>mina Olen Kadi, pagar-kondiiter, kellel on kirg magusate ja maitsvate loomiste vastu. Minu tee sai alguse Tartu Voco Kolled\u017eis, kus omandasin v\u00e4\u00e4rtusliku hariduse ning sukeldusin p\u00f5nevasse maailma, kus kunst ja maitse kohtuvad. Minu pagari- ja kondiitrikarj\u00e4\u00e4r sai alguse aastal 2013, ning sellest ajast alates olen p\u00fchendunud oma oskuste t\u00e4iustamisele ja uute ideede elluviimisele. Armastan v\u00e4ljakutseid [&hellip;]<\/p>\n","protected":false},"author":2,"featured_media":0,"parent":0,"menu_order":0,"comment_status":"closed","ping_status":"closed","template":"page-full-width.php","meta":{"footnotes":""},"class_list":["post-4445","page","type-page","status-publish","hentry"],"yoast_head":"<!-- This site is optimized with the Yoast SEO plugin v21.7 - https:\/\/yoast.com\/wordpress\/plugins\/seo\/ -->\n<title>Minust - KadiLellep O\u00dc<\/title>\n<meta name=\"robots\" content=\"index, follow, max-snippet:-1, max-image-preview:large, max-video-preview:-1\" \/>\n<link rel=\"canonical\" href=\"https:\/\/roosmann.ee\/kadi7\/minust\/\" \/>\n<meta property=\"og:locale\" content=\"en_US\" \/>\n<meta property=\"og:type\" content=\"article\" \/>\n<meta property=\"og:title\" content=\"Minust - KadiLellep O\u00dc\" \/>\n<meta property=\"og:description\" content=\"mina Olen Kadi, pagar-kondiiter, kellel on kirg magusate ja maitsvate loomiste vastu. Minu tee sai alguse Tartu Voco Kolled\u017eis, kus omandasin v\u00e4\u00e4rtusliku hariduse ning sukeldusin p\u00f5nevasse maailma, kus kunst ja maitse kohtuvad. Minu pagari- ja kondiitrikarj\u00e4\u00e4r sai alguse aastal 2013, ning sellest ajast alates olen p\u00fchendunud oma oskuste t\u00e4iustamisele ja uute ideede elluviimisele. Armastan v\u00e4ljakutseid [&hellip;]\" \/>\n<meta property=\"og:url\" content=\"https:\/\/roosmann.ee\/kadi7\/minust\/\" \/>\n<meta property=\"og:site_name\" content=\"KadiLellep O\u00dc\" \/>\n<meta property=\"article:modified_time\" content=\"2024-11-07T13:10:53+00:00\" \/>\n<meta property=\"og:image\" content=\"https:\/\/roosmann.ee\/kadi7\/wp-content\/uploads\/2024\/10\/459495055_8921030424590830_6581550859487114598_n-650x650.jpg\" \/>\n<meta name=\"twitter:card\" content=\"summary_large_image\" \/>\n<meta name=\"twitter:label1\" content=\"Est. reading time\" \/>\n\t<meta name=\"twitter:data1\" content=\"2 minutes\" \/>\n<script type=\"application\/ld+json\" class=\"yoast-schema-graph\">{\"@context\":\"https:\/\/schema.org\",\"@graph\":[{\"@type\":\"WebPage\",\"@id\":\"https:\/\/roosmann.ee\/kadi7\/minust\/\",\"url\":\"https:\/\/roosmann.ee\/kadi7\/minust\/\",\"name\":\"Minust - KadiLellep O\u00dc\",\"isPartOf\":{\"@id\":\"https:\/\/roosmann.ee\/kadi7\/#website\"},\"datePublished\":\"2021-02-10T08:21:01+00:00\",\"dateModified\":\"2024-11-07T13:10:53+00:00\",\"breadcrumb\":{\"@id\":\"https:\/\/roosmann.ee\/kadi7\/minust\/#breadcrumb\"},\"inLanguage\":\"en-US\",\"potentialAction\":[{\"@type\":\"ReadAction\",\"target\":[\"https:\/\/roosmann.ee\/kadi7\/minust\/\"]}]},{\"@type\":\"BreadcrumbList\",\"@id\":\"https:\/\/roosmann.ee\/kadi7\/minust\/#breadcrumb\",\"itemListElement\":[{\"@type\":\"ListItem\",\"position\":1,\"name\":\"Home\",\"item\":\"https:\/\/roosmann.ee\/kadi7\/\"},{\"@type\":\"ListItem\",\"position\":2,\"name\":\"Minust\"}]},{\"@type\":\"WebSite\",\"@id\":\"https:\/\/roosmann.ee\/kadi7\/#website\",\"url\":\"https:\/\/roosmann.ee\/kadi7\/\",\"name\":\"KadiLellep O\u00dc\",\"description\":\"kondiitri tooted Tartumaal\",\"publisher\":{\"@id\":\"https:\/\/roosmann.ee\/kadi7\/#organization\"},\"potentialAction\":[{\"@type\":\"SearchAction\",\"target\":{\"@type\":\"EntryPoint\",\"urlTemplate\":\"https:\/\/roosmann.ee\/kadi7\/?s={search_term_string}\"},\"query-input\":\"required name=search_term_string\"}],\"inLanguage\":\"en-US\"},{\"@type\":\"Organization\",\"@id\":\"https:\/\/roosmann.ee\/kadi7\/#organization\",\"name\":\"KadiLellep O\u00dc\",\"url\":\"https:\/\/roosmann.ee\/kadi7\/\",\"logo\":{\"@type\":\"ImageObject\",\"inLanguage\":\"en-US\",\"@id\":\"https:\/\/roosmann.ee\/kadi7\/#\/schema\/logo\/image\/\",\"url\":\"https:\/\/roosmann.ee\/kadi7\/wp-content\/uploads\/2024\/10\/kadilellep.png\",\"contentUrl\":\"https:\/\/roosmann.ee\/kadi7\/wp-content\/uploads\/2024\/10\/kadilellep.png\",\"width\":502,\"height\":153,\"caption\":\"KadiLellep O\u00dc\"},\"image\":{\"@id\":\"https:\/\/roosmann.ee\/kadi7\/#\/schema\/logo\/image\/\"}}]}<\/script>\n<!-- \/ Yoast SEO plugin. -->","yoast_head_json":{"title":"Minust - KadiLellep O\u00dc","robots":{"index":"index","follow":"follow","max-snippet":"max-snippet:-1","max-image-preview":"max-image-preview:large","max-video-preview":"max-video-preview:-1"},"canonical":"https:\/\/roosmann.ee\/kadi7\/minust\/","og_locale":"en_US","og_type":"article","og_title":"Minust - KadiLellep O\u00dc","og_description":"mina Olen Kadi, pagar-kondiiter, kellel on kirg magusate ja maitsvate loomiste vastu. Minu tee sai alguse Tartu Voco Kolled\u017eis, kus omandasin v\u00e4\u00e4rtusliku hariduse ning sukeldusin p\u00f5nevasse maailma, kus kunst ja maitse kohtuvad. Minu pagari- ja kondiitrikarj\u00e4\u00e4r sai alguse aastal 2013, ning sellest ajast alates olen p\u00fchendunud oma oskuste t\u00e4iustamisele ja uute ideede elluviimisele. Armastan v\u00e4ljakutseid [&hellip;]","og_url":"https:\/\/roosmann.ee\/kadi7\/minust\/","og_site_name":"KadiLellep O\u00dc","article_modified_time":"2024-11-07T13:10:53+00:00","og_image":[{"url":"https:\/\/roosmann.ee\/kadi7\/wp-content\/uploads\/2024\/10\/459495055_8921030424590830_6581550859487114598_n-650x650.jpg"}],"twitter_card":"summary_large_image","twitter_misc":{"Est. reading time":"2 minutes"},"schema":{"@context":"https:\/\/schema.org","@graph":[{"@type":"WebPage","@id":"https:\/\/roosmann.ee\/kadi7\/minust\/","url":"https:\/\/roosmann.ee\/kadi7\/minust\/","name":"Minust - KadiLellep O\u00dc","isPartOf":{"@id":"https:\/\/roosmann.ee\/kadi7\/#website"},"datePublished":"2021-02-10T08:21:01+00:00","dateModified":"2024-11-07T13:10:53+00:00","breadcrumb":{"@id":"https:\/\/roosmann.ee\/kadi7\/minust\/#breadcrumb"},"inLanguage":"en-US","potentialAction":[{"@type":"ReadAction","target":["https:\/\/roosmann.ee\/kadi7\/minust\/"]}]},{"@type":"BreadcrumbList","@id":"https:\/\/roosmann.ee\/kadi7\/minust\/#breadcrumb","itemListElement":[{"@type":"ListItem","position":1,"name":"Home","item":"https:\/\/roosmann.ee\/kadi7\/"},{"@type":"ListItem","position":2,"name":"Minust"}]},{"@type":"WebSite","@id":"https:\/\/roosmann.ee\/kadi7\/#website","url":"https:\/\/roosmann.ee\/kadi7\/","name":"KadiLellep O\u00dc","description":"kondiitri tooted Tartumaal","publisher":{"@id":"https:\/\/roosmann.ee\/kadi7\/#organization"},"potentialAction":[{"@type":"SearchAction","target":{"@type":"EntryPoint","urlTemplate":"https:\/\/roosmann.ee\/kadi7\/?s={search_term_string}"},"query-input":"required name=search_term_string"}],"inLanguage":"en-US"},{"@type":"Organization","@id":"https:\/\/roosmann.ee\/kadi7\/#organization","name":"KadiLellep O\u00dc","url":"https:\/\/roosmann.ee\/kadi7\/","logo":{"@type":"ImageObject","inLanguage":"en-US","@id":"https:\/\/roosmann.ee\/kadi7\/#\/schema\/logo\/image\/","url":"https:\/\/roosmann.ee\/kadi7\/wp-content\/uploads\/2024\/10\/kadilellep.png","contentUrl":"https:\/\/roosmann.ee\/kadi7\/wp-content\/uploads\/2024\/10\/kadilellep.png","width":502,"height":153,"caption":"KadiLellep O\u00dc"},"image":{"@id":"https:\/\/roosmann.ee\/kadi7\/#\/schema\/logo\/image\/"}}]}},"_links":{"self":[{"href":"https:\/\/roosmann.ee\/kadi7\/wp-json\/wp\/v2\/pages\/4445","targetHints":{"allow":["GET"]}}],"collection":[{"href":"https:\/\/roosmann.ee\/kadi7\/wp-json\/wp\/v2\/pages"}],"about":[{"href":"https:\/\/roosmann.ee\/kadi7\/wp-json\/wp\/v2\/types\/page"}],"author":[{"embeddable":true,"href":"https:\/\/roosmann.ee\/kadi7\/wp-json\/wp\/v2\/users\/2"}],"replies":[{"embeddable":true,"href":"https:\/\/roosmann.ee\/kadi7\/wp-json\/wp\/v2\/comments?post=4445"}],"version-history":[{"count":78,"href":"https:\/\/roosmann.ee\/kadi7\/wp-json\/wp\/v2\/pages\/4445\/revisions"}],"predecessor-version":[{"id":13241,"href":"https:\/\/roosmann.ee\/kadi7\/wp-json\/wp\/v2\/pages\/4445\/revisions\/13241"}],"wp:attachment":[{"href":"https:\/\/roosmann.ee\/kadi7\/wp-json\/wp\/v2\/media?parent=4445"}],"curies":[{"name":"wp","href":"https:\/\/api.w.org\/{rel}","templated":true}]}}